uppose -10 = w*v - 2*v. Let a(o) = -o + 1. Calculate a(v).
3
Let u(f) = -f**3 - 7*f**2 - 7*f - 2. Let a(r) = -r - 4. Let o be a(-9). Suppose o*z - 6 = -3*v, -2*v - 6 = -0*v. Let x be -3 + 1 + (-12)/z. What is u(x)?
4
Let z(j) = 84*j - 3 - j**3 + 90*j - 174*j + 17*j**2. Calculate z(17).
-3
Let y(h) = 14*h**2 + 22*h + 4. Let i(f) = -5*f**2 - 8*f - 2. Let p(v) = -8*i(v) - 3*y(v). Give p(-3).
-8
Let y(b) = -b**3 - 2*b**2 - 3*b - 2. Let s(o) = -o**3 - o**2 - 2*o + 0*o**2 - 41 + 39. Let p(c) = -2*s(c) + 3*y(c). Calculate p(-3).
4
Let o be ((-30)/(-12) - 2)/((-2)/(-8)). Let h(d) = -9*d - 1. Give h(o).
-19
Let g(q) be the first derivative of q**4/4 + 2*q**3 + 7*q**2/2 + 2*q - 21. Let z = -19 - -14. Determine g(z).
-8
Let w(y) = -4*y - 2. Let h be w(1). Let d(j) be the second derivative of -j**4/12 - 5*j**3/6 + j**2/2 + 6*j. Determine d(h).
-5
Let n(c) be the first derivative of -5*c**2/2 - c + 4. Suppose -21*q + 27*q + 6 = 0. Give n(q).
4
Let r(d) = 8*d**2 + 17 + 2*d - 32*d**2 + 11*d**2 - d**3. Determine r(-13).
-9
Let i(m) = 4*m - 1. Let o = 31 + -31. Suppose o = 4*q + 2*q + 12. Give i(q).
-9
Let i be 0 + (-2 - (-3 - 1)). Let g be i + 0 + (-8)/(-4). Suppose g*z - z = 0. Let l(o) = -o**2 + o - 10. Give l(z).
-10
Let w(f) be the first derivative of -5*f**3/3 + f**2/2 + f + 87. Calculate w(-1).
-5
Let m(w) = -w**3 + w**2 - w - 1. Let q(d) = -d**3 + 22*d**2 - 24*d**2 - d**3. Let l(f) = -3*m(f) + q(f). Calculate l(4).
-1
Let a(g) = -g**2 + 14*g - 32. Let b be a(10). Let m(u) = b*u**2 + 11*u + 9 - 7*u + 0 + u**3 - u. Calculate m(-8).
-15
Let d(j) be the first derivative of -j**4/2 - j**3 + j + 116. Calculate d(-2).
5
Let o(f) = -3*f**2 + 4*f + 4. Suppose -2*q = -5*q + 12. Determine o(q).
-28
Suppose 0 = -5*l + 14 - 4, u = 2*l. Let t(z) be the second derivative of 2*z - 2/3*z**u + 4/3*z**3 - z**2 + 1/20*z**5 + 0. Determine t(7).
5
Let w(k) = -3*k**3 + k**2 - 1. Let a be w(-1). Let c(b) = 3*b**2 + 3*b**3 + a - 4*b + b**2 + 6*b - b**2. Give c(-2).
-13
Let a be -2 - -6 - (2 - 1). Suppose -2*k + 3*t = -1, 5*t = k + a*k + 3. Let h(w) = -w**3 - 6*w**2 + 7*w + 4. Determine h(k).
4
Let z = -18 + 9. Let n = z - -5. Let h be (-3)/(-2)*(2 + n). Let j(v) = -v**2 - 4*v. What is j(h)?
3
Let u(s) = -2*s + 59 + 81 - 187 + 68. Determine u(12).
-3
Let h(c) = -5*c + 19. Let t(j) = -14*j + 51. Let z(n) = 8*h(n) - 3*t(n). Determine z(6).
11
Let v(r) = 3039*r**2 - 6082*r**2 + 5 + 3044*r**2 + 2*r. Calculate v(3).
20
Let w(p) be the second derivative of -p**5/20 + p**4/3 + 2*p. Let x = -278 + 281. Determine w(x).
9
Let w(t) be the second derivative of 2*t**3/3 + 3*t**2/2 + 104*t. Determine w(-2).
-5
Let w(l) = -1 + 2 + 2*l - 5. Let o be w(6). Let m(h) = -h**3 + 7*h**2 + 8*h + 6. Let s be m(o). Let y(b) = -b**3 + 5*b**2 + 3*b + 8. Calculate y(s).
-10
Let v(u) = 2*u**3 + u**2. Let l(t) = 5*t**3 + 8*t**2 - 3. Let r(k) = l(k) - 3*v(k). What is r(5)?
-3
Let k be (-63)/18 - 1/2. Let v = 13 + -13. Let f(j) = v - 4*j**2 - 1 - 2 - j**3. What is f(k)?
-3
Suppose 5*u - v = -2*v - 20, -2*v = -5*u - 35. Let g be 2/(u - 84/(-16)). Let l(i) = -i**2 + 8*i - 5. Calculate l(g).
-5
Let u(y) be the second derivative of -2*y**3/3 - 3*y**2/2 + 5*y. Let t(p) = p + 3. Let z be t(-3). Let h(i) = -i - 4. Let n be h(z). Give u(n).
13
Let c(l) = 3*l**2 - 3*l + 7. Let r(d) be the second derivative of -d**4/12 - d**2/2 - 6*d. Let y(i) = -c(i) - 4*r(i). What is y(-5)?
7
Let q be 3*(-3 + 2) + -13. Let a be 4/q + (-84)/(-16). Let d(m) = m**2 - 5*m + 4. Give d(a).
4
Let x(w) = w**2 - 4*w - 16. Let u(c) = -2*c**2 + 8*c + 32. Let r(a) = -2*u(a) - 5*x(a). Give r(7).
-5
Let o(x) = 2*x - x**2 - 171 + 171. Suppose 5*l + 1 - 11 = 0. Give o(l).
0
Suppose 56*s - 49*s + 14 = 0. Let f(l) be the third derivative of -l**5/60 + l**4/6 + l**3/2 + l**2. Determine f(s).
-9
Let g(w) be the first derivative of -13/12*w**4 + 3 + 0*w**2 - 4*w - 1/6*w**3. Let i(u) be the first derivative of g(u). Calculate i(-1).
-12
Let p be ((-4)/((-8)/(-14)))/(6/(-12)). Let w(c) = -c**3 + 14*c**2 - 2*c + 20. Calculate w(p).
-8
Suppose -2*s + 4*s = 0. Suppose 4*z - 3 - 9 = s. Let m(y) = 12 - 4*y**2 + 4*y - 10 - 2*y**z + y**3. Calculate m(-5).
7
Let b(w) = -3*w + 1. Suppose -3*u = 1 + 2. Let g(s) = -s**3 - s**2 + 2*s + 2. Let a be g(u). Let l be 2 + (-1 - (a + -2)). Give b(l).
-8
Suppose 0 = -106*t + 86*t + 140. Let y(m) = m**2 + 8 - 9*m + m**2 - m**2. Give y(t).
-6
Let g(o) = -o**3 - 8*o**2 + 2*o - 3. Let l = 113 - 121. Give g(l).
-19
Let y(s) = -s**3 - 15*s**2 - 15*s - 13. Let h = -289 - -275. Calculate y(h).
1
Let j(b) = -5*b**2 + 4*b + 3. Let l(u) = -13*u**2 + 7*u + 6. Let t(i) = 5*j(i) - 2*l(i). Determine t(-5).
-2
Let y = 42 - 23. Let o = -7 + y. Let s(k) = -11*k + 0 + 5 + o*k. Determine s(-6).
-1
Let t(a) be the first derivative of 3*a**2/2 - 16*a + 61. What is t(8)?
8
Suppose 3*c - 3*w - 15 = 0, -3*c + 5 = -8*c - w. Suppose 0 = -3*m - f + 4 - 26, 5*f + 20 = c. Let p = 10 + m. Let z(s) = -s**2 + 4*s - 4. What is z(p)?
-4
Let p(z) = -3*z**2 + 3*z + 2. Suppose r = 5*l + 12, 0 = -3*l + 4*r + 2 - 16. What is p(l)?
-16
Let l be (-2)/10 + (-336)/(-105). Let y(j) = -1 + 0*j + 0 + j**2 + 2 - l*j. What is y(2)?
-1
Let i = 19 - 16. Let t(b) = -69*b**i + 68*b**3 + 2*b - 7 - 3*b - 11. What is t(0)?
-18
Let l(d) = d**2 + 6*d + 3. Let o be l(-6). Let u(x) = -o - 5 - 5*x + 4*x. Suppose -5*c - 14 = -14. What is u(c)?
-8
Let c(x) = -x**3 + 8*x**2 + 7*x + 8. Let d be (84/6)/7*18/4. Determine c(d).
-10
Let u(g) = -9*g**2 + 8*g**2 + 4*g - 9 + 2*g**2. Determine u(-7).
12
Let r(f) = -f**2 - f - 2. Let t(j) = -j. Suppose 0*b = 4*b - 4. Let x(g) = b*r(g) + 4*t(g). Determine x(-4).
2
Suppose -18 = -5*q - 23. Let s(o) = 8*o**3 - 3*o - 2. Let c be s(q). Let m(z) = -z**3 - 6*z**2 + 7*z + 3. Give m(c).
3
Let k(s) = -s**3 + 6*s**2 - 6*s + 4. Let j be k(5). Let d(h) = 25. Let f(n) = n - 8. Let w(q) = -d(q) - 3*f(q). Calculate w(j).
2
Let i(u) = -3*u**2 - 10*u - 20. Let l(b) = 8*b**2 + 20*b + 40. Let f(y) = -5*i(y) - 2*l(y). Calculate f(12).
-4
Let c(d) = 4*d**2 - 3*d. Let x(t) = 9*t**2 - 7*t. Let p(a) = -7*c(a) + 3*x(a). Let w(q) = q**3 - 4*q**2 + 4*q + 1. Let i(g) = -p(g) - w(g). Determine i(4).
-1
Let k(a) be the second derivative of 1/3*a**4 + 7/2*a**2 + 1/6*a**3 - 1/20*a**5 + 0 - 6*a. Determine k(5).
-13
Let t(m) = -2*m - 1. Let q(a) = -a**2 - 12*a - 20. Let b be q(-10). Suppose -3*j + h = -b*j - 11, 0 = -2*j + 5*h + 29. Suppose j*o - 7*o - 10 = 0. What is t(o)?
3
Let h(w) = -7*w - 2. Let u(p) = 8*p + 2. Let y(z) = -7*h(z) - 6*u(z). Let o be y(3). Suppose o*c - 9 = 11. Let v(a) = 2*a**2 - 5*a - 1. Determine v(c).
11
Let f(g) = g**3 + 18*g**2 + g + 17. Let m be f(-18). Let y(r) = -7*r - 7. Let b be y(m). Let i(a) = -a - 6. What is i(b)?
-6
Let g(q) be the second derivative of q**5/20 + q**4/2 + q**3/6 + 7*q**2/2 - 5*q. What is g(-6)?
1
Let x = 4 - 1. Suppose x*v = -0*v + 6. Let i(y) = 2 - 9*y**3 - 4*y**2 + 8*y**3 + 16*y**2 - 2*y + 0*y**3 - 10*y**2. What is i(v)?
-2
Suppose -21*x - 2*x - 161 = 0. Let h(t) = -t**3 - 8*t**2 - 9*t - 12. Calculate h(x).
2
Let q(g) be the third derivative of -g**4/12 + g**3/2 - 4*g**2. Let c = 85 + -81. Determine q(c).
-5
Suppose -73*h + 76*h + 9 = 0. Let s(r) = 4 + 1 + r + 1. Determine s(h).
3
Let s(q) = 4*q**3 - 1 + 3*q + 0 - 2*q + q**2. Let z be 3408/18*9/6. Suppose z*u - 280*u - 4 = 0. Calculate s(u).
5
Suppose -962*o + 26 = -949*o. Let n(p) = 5 + p**2 + 0 - 4 - 2*p. Determine n(o).
1
Let t(s) be the third derivative of s**5/120 + s**4/24 + 23*s**3/6 + 15*s**2. Let p(o) be the first derivative of t(o). Determine p(3).
4
Let c(q) = -8*q - 32. Let y(h) = -17*h - 62. Let k(o) = 5*c(o) - 2*y(o). Calculate k(-6).
0
Let a(y) = -y**2 - 10*y + 101. Let z be a(6). Let k(u) = u**2 - 4*u. Determine k(z).
5
Suppose 2*i = -5*a - 33, -2 = 5*a + 23. Let m(q) = 2*q**2 + 5*q + 1. Determine m(i).
13
Let v(s) be the third derivative of -1/24*s**4 + 0 + 6*s**2 + 0*s - 1/3*s**3. Determine v(-6).
4
Suppose -3*u - 5 = r, 3 + 7 = 4*r + 2*u. Let g(d) = -2*d + r + 4*d + 0*d - 4*d. What is g(-4)?
12
Let n = -14 + 299. Let u = -286 + n. Let q(k) = -6*k**2 - 1 + 1. Determine q(u).
-6
Suppose -2*r + 1 = -3. Let b(q) = -7 - r + 0*q - 2*q. Let s(k) = -2*k - 2. Let n be s(2). Give b(n).
3
Let u(n) = 7*n + 5. Let c(l) = l + 12. Let m be c(-7). Let a(o) = 3*o + 2. Let w